der when 67 is divided by 20?
7
What is the remainder when 1392 is divided by 282?
264
Calculate the remainder when 20 is divided by 7.
6
Calculate the remainder when 2579 is divided by 10.
9
What is the remainder when 44 is divided by 31?
13
What is the remainder when 458 is divided by 106?
34
Calculate the remainder when 886 is divided by 114.
88
Calculate the remainder when 698 is divided by 100.
98
Calculate the remainder when 83 is divided by 28.
27
Calculate the remainder when 482 is divided by 31.
17
What is the remainder when 179 is divided by 40?
19
What is the remainder when 338 is divided by 38?
34
Calculate the remainder when 650 is divided by 134.
114
Calculate the remainder when 752 is divided by 237.
41
What is the remainder when 59 is divided by 13?
7
What is the remainder when 75 is divided by 22?
9
Calculate the remainder when 465 is divided by 226.
13
What is the remainder when 323 is divided by 161?
1
What is the remainder when 72 is divided by 70?
2
Calculate the remainder when 283 is divided by 93.
4
Calculate the remainder when 365 is divided by 37.
32
What is the remainder when 1082 is divided by 121?
114
Calculate the remainder when 68 is divided by 27.
14
Calculate the remainder when 328 is divided by 6.
4
What is the remainder when 675 is divided by 320?
35
What is the remainder when 182 is divided by 75?
32
Calculate the remainder when 1515 is divided by 377.
7
What is the remainder when 2536 is divided by 140?
16
What is the remainder when 931 is divided by 185?
6
What is the remainder when 1125 is divided by 64?
37
Calculate the remainder when 5956 is divided by 6.
4
What is the remainder when 492 is divided by 9?
6
What is the remainder when 135 is divided by 23?
20
Calculate the remainder when 983 is divided by 58.
55
Calculate the remainder when 80 is divided by 12.
8
What is the remainder when 9177 is divided by 102?
99
Calculate the remainder when 12091 is divided by 139.
137
What is the remainder when 152 is divided by 41?
29
Calculate the remainder when 43 is divided by 28.
15
What is the remainder when 1083 is divided by 119?
12
Calculate the remainder when 1556 is divided by 24.
20
What is the remainder when 1968 is divided by 108?
24
What is the remainder when 2103 is divided by 12?
3
What is the remainder when 287 is divided by 145?
142
What is the remainder when 837 is divided by 20?
17
Calculate the remainder when 49 is divided by 28.
21
Calculate the remainder when 781 is divided by 33.
22
What is the remainder when 426 is divided by 31?
23
Calculate the remainder when 333 is divided by 24.
21
What is the remainder when 3001 is divided by 272?
9
What is the remainder when 188 is divided by 15?
8
What is the remainder when 302 is divided by 20?
2
Calculate the remainder when 259 is divided by 16.
3
Calculate the remainder when 4545 is divided by 152.
137
What is the remainder when 1036 is divided by 104?
100
What is the remainder when 575 is divided by 34?
31
Calculate the remainder when 2564 is divided by 15.
14
What is the remainder when 115 is divided by 33?
16
Calculate the remainder when 155 is divided by 81.
74
Calculate the remainder when 1427 is divided by 713.
1
What is the remainder when 253 is divided by 82?
7
What is the remainder when 18 is divided by 7?
4
Calculate the remainder when 1218 is divided by 43.
14
Calculate the remainder when 118 is divided by 53.
12
What is the remainder when 12 is divided by 2?
0
Calculate the remainder when 5353 is divided by 105.
103
Calculate the remainder when 3659 is divided by 6.
5
Calculate the remainder when 12234 is divided by 6115.
4
Calculate the remainder when 1071 is divided by 261.
27
Calculate the remainder when 138 is divided by 43.
9
What is the remainder when 24 is divided by 10?
4
Calculate the remainder when 269 is divided by 86.
11
What is the remainder when 48261 is divided by 197?
193
What is the remainder when 41038 is divided by 285?
283
What is the remainder when 119 is divided by 12?
11
Calculate the remainder when 3345 is divided by 374.
353
Calculate the remainder when 310 is divided by 104.
102
What is the remainder when 4241 is divided by 193?
188
Calculate the remainder when 192 is divided by 88.
16
Calculate the remainder when 67 is divided by 26.
15
Calculate the remainder when 177 is divided by 36.
33
What is the remainder when 1912 is divided by 619?
55
Calculate the remainder when 194 is divided by 27.
5
What is the remainder when 19 is divided by 10?
9
What is the remainder when 367 is divided by 74?
71
Calculate the remainder when 221 is divided by 75.
71
Calculate the remainder when 474 is divided by 19.
18
What is the remainder when 3565 is divided by 255?
250
Calculate the remainder when 7734 is divided by 35.
34
What is the remainder when 2578 is divided by 323?
317
Calculate the remainder when 42 is divided by 11.
9
What is the remainder when 98 is divided by 47?
4
Calculate the remainder when 156 is divided by 36.
12
Calculate the remainder when 4046 is divided by 998.
54
Calculate the remainder when 335 is divided by 42.
41
What is the remainder when 1361 is divided by 22?
19
Calculate the remainder when 1487 is divided by 10.
7
Calculate the remainder when 904 is divided by 895.
9
What is the remainder when 81 is divided by 12?
9
What is the remainder when 720 is divided by 60?
0
What is the remainder when 516 is divided by 65?
61
Calculate the remainder when 293 is divided by 60.
53
What is the remainder when 384 is divided by 95?
4
Calculate the remainder when 125 is divided by 13.
8
Calculate the remainder when 487 is divided by 97.
2
Calculate the remainder when 3230 is divided by 72.
62
What is the remainder when 218 is divided by 73?
72
Calculate the remainder when 8109 is divided by 104.
101
Calculate the remainder when 338 is divided by 94.
56
What is the remainder when 109484 is divided by 135?
134
What is the remainder when 25 is divided by 24?
1
What is the remainder when 236 is divided by 36?
20
What is the remainder when 53997 is divided by 40?
37
What is the remainder when 437 is divided by 85?
12
Calculate the remainder when 382 is divided by 30.
22
What is the remainder when 721 is divided by 51?
7
What is the remainder when 228 is divided by 52?
20
Calculate the remainder when 128 is divided by 89.
39
What is the remainder when 266 is divided by 4?
2
Calculate the remainder when 2382 is divided by 93.
57
What is the remainder when 5710 is divided by 42?
40
Calculate the remainder when 2288 is divided by 82.
74
What is the remainder when 279 is divided by 13?
6
Calculate the remainder when 355 is divided by 40.
35
Calculate the remainder when 8397 is divided by 38.
37
Calculate the remainder when 887 is divided by 84.
47
Calculate the remainder when 64 is divided by 23.
18
Calculate the remainder when 15689 is divided by 133.
128
What is the remainder when 192 is divided by 13?
10
What is the remainder when 318 is divided by 29?
28
What is the remainder when 252 is divided by 42?
0
Calculate the remainder when 359 is divided by 173.
13
What is the remainder when 96 is divided by 10?
6
Calculate the remainder when 498 is divided by 20.
18
Calculate the remainder when 582 is divided by 98.
92
Calculate the remainder when 114 is divided by 17.
12
What is the remainder when 149 is divided by 17?
13
Calculate the remainder when 325 is divided by 67.
57
Calculate the remainder when 215 is divided by 9.
8
Calculate the remainder when 148 is divided by 45.
13
Calculate the remainder when 662 is divided by 172.
146
Calculate the remainder when 307 is divided by 78.
73
What is the remainder when 208 is divided by 6?
4
What is the remainder when 271 is divided by 8?
7
Calculate the remainder when 387 is divided by 110.
57
Calculate the remainder when 131 is divided by 15.
11
What is the remainder when 841 is divided by 36?
13
Calculate the remainder when 2589 is divided by 49.
41
Calculate the remainder when 117 is divided by 21.
12
Calculate the remainder when 76 is divided by 57.
19
Calculate the remainder when 354 is divided by 19.
12
What is the remainder when 172 is divided by 29?
27
What is the remainder when 72 is divided by 11?
6
What is the remainder when 13547 is divided by 24?
11
Calculate 